{"id":15883,"date":"2023-12-10T19:24:01","date_gmt":"2023-12-10T16:24:01","guid":{"rendered":"https:\/\/www.bluedaisycandle.com\/?post_type=product&#038;p=15883"},"modified":"2025-07-01T12:25:39","modified_gmt":"2025-07-01T09:25:39","slug":"inci-tozu-mum-exclusive-3lu-yilbasi-seti-kirmizi-zeytinyesili-beyaz","status":"publish","type":"product","link":"https:\/\/www.bluedaisycandle.com\/?product=inci-tozu-mum-exclusive-3lu-yilbasi-seti-kirmizi-zeytinyesili-beyaz","title":{"rendered":"Inci Tozu Mum Exclusive 3&#8217;l\u00fc Y\u0131lba\u015f\u0131 Seti K\u0131rm\u0131z\u0131 , Zeytinye\u015fili ,beyaz"},"content":{"rendered":"<p data-sourcepos=\"1:1-1:20\"><strong>\u00dcr\u00fcn \u00d6zellikleri<\/strong><\/p>\n<ul data-sourcepos=\"3:1-8:0\">\n<li data-sourcepos=\"3:1-3:22\">Par\u00e7a Say\u0131s\u0131: 3 adet<\/li>\n<li data-sourcepos=\"4:1-4:30\">Koku Aromas\u0131: Tropikal Meyve<\/li>\n<li data-sourcepos=\"5:1-5:17\">\u00d6zellik: Kokulu<\/li>\n<li data-sourcepos=\"6:1-6:36\">Renk: K\u0131rm\u0131z\u0131, Zeytinye\u015fili, Beyaz<\/li>\n<li data-sourcepos=\"7:1-8:0\">Boyut\/Ebat: 10&#215;10 cm<\/li>\n<\/ul>\n<p data-sourcepos=\"9:1-9:12\"><strong>A\u00e7\u0131klama<\/strong><\/p>\n<p data-sourcepos=\"11:1-11:177\">Bu \u00fcr\u00fcn, 3 adet kokulu mumdan olu\u015fan bir settir. Mumlar, y\u00fczde y\u00fcz pamuklu ipten yap\u0131lm\u0131\u015f, haz\u0131r sert mumlanm\u0131\u015f mumlard\u0131r. 10&#215;10 cm boyutlar\u0131ndad\u0131r ve tropikal meyve aromal\u0131d\u0131r.<\/p>\n<p data-sourcepos=\"13:1-13:12\"><strong>Kullan\u0131m<\/strong><\/p>\n<p data-sourcepos=\"15:1-15:45\">Bu mumlar, do\u011frudan yak\u0131larak kullan\u0131labilir.<\/p>\n<p data-sourcepos=\"17:1-17:12\"><strong>\u00d6neriler<\/strong><\/p>\n<p data-sourcepos=\"19:1-19:149\">Mumlar\u0131 yakarken, \u00e7ocuklar\u0131n ve evcil hayvanlar\u0131n eri\u015femeyece\u011fi yerlerde tutun. Mumlar\u0131 yakt\u0131ktan sonra, mumun tamamen s\u00f6nene kadar yak\u0131nlarda durun.<\/p>\n<p data-sourcepos=\"21:1-21:13\"><strong>Faydalar\u0131<\/strong><\/p>\n<ul data-sourcepos=\"23:1-26:0\">\n<li data-sourcepos=\"23:1-23:38\">Dekoratif ve \u015f\u0131k bir g\u00f6r\u00fcn\u00fcm sa\u011flar.<\/li>\n<li data-sourcepos=\"24:1-24:21\">Ho\u015f bir koku yayar.<\/li>\n<li data-sourcepos=\"25:1-26:0\">Romantik bir ortam yarat\u0131r.<\/li>\n<\/ul>\n<p data-sourcepos=\"27:1-27:12\"><strong>Uyar\u0131lar<\/strong><\/p>\n<ul data-sourcepos=\"29:1-33:0\">\n<li data-sourcepos=\"29:1-29:81\">Mumlar\u0131 yakarken, \u00e7ocuklar\u0131n ve evcil hayvanlar\u0131n eri\u015femeyece\u011fi yerlerde tutun.<\/li>\n<li data-sourcepos=\"30:1-30:71\">Mumlar\u0131 yakt\u0131ktan sonra, mumun tamamen s\u00f6nene kadar yak\u0131nlarda durun.<\/li>\n<li data-sourcepos=\"31:1-31:53\">Mumlar\u0131, yan\u0131c\u0131 malzemelerden uzak bir yerde tutun.<\/li>\n<li data-sourcepos=\"32:1-33:0\">Mumlar\u0131, havaland\u0131rman\u0131n iyi oldu\u011fu bir yerde tutun.<\/li>\n<\/ul>\n<p data-sourcepos=\"34:1-34:17\"><strong>De\u011ferlendirme<\/strong><\/p>\n<p data-sourcepos=\"36:1-36:283\">Bu \u00fcr\u00fcn, dekoratif ve \u015f\u0131k bir g\u00f6r\u00fcn\u00fcm sa\u011flayan, ho\u015f bir koku yayan ve romantik bir ortam yaratan bir mum setidir. Tropikal meyve aromas\u0131, y\u0131lba\u015f\u0131 d\u00f6neminde keyifli bir atmosfer yaratmaya yard\u0131mc\u0131 olur. Ayr\u0131ca, farkl\u0131 renk se\u00e7enekleri, bu mumlar\u0131 her zevke hitap edecek \u015fekilde sunar.<\/p>\n<p>&nbsp;<\/p>\n","protected":false},"excerpt":{"rendered":"<p>\u00dcr\u00fcn \u00d6zellikleri Par\u00e7a Say\u0131s\u0131: 3 adet Koku Aromas\u0131: Tropikal Meyve \u00d6zellik: Kokulu Renk: K\u0131rm\u0131z\u0131, Zeytinye\u015fili, Beyaz Boyut\/Ebat: 10&#215;10 cm A\u00e7\u0131klama<\/p>\n","protected":false},"featured_media":15884,"comment_status":"open","ping_status":"closed","template":"","meta":[],"product_brand":[],"product_cat":[122],"product_tag":[],"class_list":{"0":"post-15883","1":"product","2":"type-product","3":"status-publish","4":"has-post-thumbnail","6":"product_cat-dekoratif-mumlar","8":"first","9":"instock","10":"sale","11":"taxable","12":"shipping-taxable","13":"purchasable","14":"product-type-simple"},"jetpack_sharing_enabled":true,"_links":{"self":[{"href":"https:\/\/www.bluedaisycandle.com\/index.php?rest_route=\/wp\/v2\/product\/15883","targetHints":{"allow":["GET"]}}],"collection":[{"href":"https:\/\/www.bluedaisycandle.com\/index.php?rest_route=\/wp\/v2\/product"}],"about":[{"href":"https:\/\/www.bluedaisycandle.com\/index.php?rest_route=\/wp\/v2\/types\/product"}],"replies":[{"embeddable":true,"href":"https:\/\/www.bluedaisycandle.com\/index.php?rest_route=%2Fwp%2Fv2%2Fcomments&post=15883"}],"version-history":[{"count":1,"href":"https:\/\/www.bluedaisycandle.com\/index.php?rest_route=\/wp\/v2\/product\/15883\/revisions"}],"predecessor-version":[{"id":15887,"href":"https:\/\/www.bluedaisycandle.com\/index.php?rest_route=\/wp\/v2\/product\/15883\/revisions\/15887"}],"wp:featuredmedia":[{"embeddable":true,"href":"https:\/\/www.bluedaisycandle.com\/index.php?rest_route=\/wp\/v2\/media\/15884"}],"wp:attachment":[{"href":"https:\/\/www.bluedaisycandle.com\/index.php?rest_route=%2Fwp%2Fv2%2Fmedia&parent=15883"}],"wp:term":[{"taxonomy":"product_brand","embeddable":true,"href":"https:\/\/www.bluedaisycandle.com\/index.php?rest_route=%2Fwp%2Fv2%2Fproduct_brand&post=15883"},{"taxonomy":"product_cat","embeddable":true,"href":"https:\/\/www.bluedaisycandle.com\/index.php?rest_route=%2Fwp%2Fv2%2Fproduct_cat&post=15883"},{"taxonomy":"product_tag","embeddable":true,"href":"https:\/\/www.bluedaisycandle.com\/index.php?rest_route=%2Fwp%2Fv2%2Fproduct_tag&post=15883"}],"curies":[{"name":"wp","href":"https:\/\/api.w.org\/{rel}","templated":true}]}}